8 is divided by 485.
93
Calculate the remainder when 6349 is divided by 3060.
229
Calculate the remainder when 9324 is divided by 3097.
33
Calculate the remainder when 830 is divided by 622.
208
What is the remainder when 88116 is divided by 14681?
30
Calculate the remainder when 101975 is divided by 12.
11
Calculate the remainder when 929 is divided by 579.
350
What is the remainder when 1550146 is divided by 202?
200
Calculate the remainder when 32001 is divided by 58.
43
Calculate the remainder when 314924 is divided by 57.
56
What is the remainder when 535 is divided by 127?
27
What is the remainder when 12828 is divided by 2427?
693
Calculate the remainder when 34518 is divided by 17252.
14
Calculate the remainder when 21718 is divided by 2421.
2350
Calculate the remainder when 342364 is divided by 206.
198
What is the remainder when 14050 is divided by 1009?
933
Calculate the remainder when 1797 is divided by 651.
495
What is the remainder when 52941 is divided by 52897?
44
What is the remainder when 7164 is divided by 75?
39
Calculate the remainder when 302892 is divided by 90.
42
Calculate the remainder when 23044 is divided by 42.
28
What is the remainder when 1528591 is divided by 152858?
11
Calculate the remainder when 22107 is divided by 26.
7
What is the remainder when 2184824 is divided by 291?
287
Calculate the remainder when 1377 is divided by 668.
41
What is the remainder when 652 is divided by 484?
168
Calculate the remainder when 2710 is divided by 450.
10
What is the remainder when 502422 is divided by 99?
96
Calculate the remainder when 170831 is divided by 3.
2
What is the remainder when 1294963 is divided by 647481?
1
Calculate the remainder when 49465 is divided by 7066.
3
What is the remainder when 692504 is divided by 6925?
4
Calculate the remainder when 2069 is divided by 140.
109
What is the remainder when 967 is divided by 338?
291
Calculate the remainder when 6904 is divided by 1039.
670
Calculate the remainder when 24329 is divided by 2198.
151
Calculate the remainder when 13929 is divided by 451.
399
Calculate the remainder when 5557 is divided by 9.
4
What is the remainder when 1237 is divided by 276?
133
What is the remainder when 20265 is divided by 350?
315
What is the remainder when 265099 is divided by 1921?
1
What is the remainder when 38562 is divided by 7689?
117
What is the remainder when 2334 is divided by 452?
74
What is the remainder when 269660 is divided by 73?
71
What is the remainder when 8335 is divided by 595?
5
Calculate the remainder when 403635 is divided by 19.
18
What is the remainder when 38813 is divided by 499?
390
Calculate the remainder when 3172048 is divided by 1425.
1423
What is the remainder when 1643 is divided by 577?
489
What is the remainder when 18707 is divided by 278?
81
Calculate the remainder when 5201 is divided by 1028.
61
What is the remainder when 69227 is divided by 17?
3
What is the remainder when 239672 is divided by 140?
132
What is the remainder when 941129 is divided by 55?
24
Calculate the remainder when 66020 is divided by 524.
520
Calculate the remainder when 18028 is divided by 946.
54
Calculate the remainder when 760 is divided by 54.
4
What is the remainder when 3486 is divided by 544?
222
What is the remainder when 114 is divided by 113?
1
Calculate the remainder when 78895 is divided by 411.
394
What is the remainder when 9763 is divided by 6?
1
What is the remainder when 3045679 is divided by 80?
79
What is the remainder when 17816 is divided by 355?
66
Calculate the remainder when 12684 is divided by 9.
3
What is the remainder when 1114933 is divided by 818?
817
Calculate the remainder when 126237 is divided by 71.
70
What is the remainder when 4518678 is divided by 13?
8
What is the remainder when 1288209 is divided by 539?
538
Calculate the remainder when 441902 is divided by 42.
20
Calculate the remainder when 68649 is divided by 480.
9
Calculate the remainder when 30968 is divided by 3871.
0
Calculate the remainder when 4855 is divided by 753.
337
Calculate the remainder when 3152 is divided by 13.
6
What is the remainder when 7447 is divided by 473?
352
What is the remainder when 3870 is divided by 1938?
1932
Calculate the remainder when 48572 is divided by 326.
324
What is the remainder when 30663 is divided by 2358?
9
What is the remainder when 231026 is divided by 170?
166
Calculate the remainder when 3296 is divided by 1612.
72
Calculate the remainder when 127510 is divided by 414.
412
Calculate the remainder when 5206 is divided by 157.
25
What is the remainder when 351 is divided by 112?
15
Calculate the remainder when 676427 is divided by 1955.
1952
What is the remainder when 3494839 is divided by 361?
359
What is the remainder when 41168 is divided by 179?
177
Calculate the remainder when 2670078 is divided by 1192.
1190
Calculate the remainder when 4692 is divided by 90.
12
What is the remainder when 206178 is divided by 260?
258
Calculate the remainder when 24508 is divided by 20.
8
What is the remainder when 7870 is divided by 1106?
128
What is the remainder when 22264 is divided by 1113?
4
Calculate the remainder when 697576 is divided by 17.
15
What is the remainder when 15377 is divided by 452?
9
What is the remainder when 2349516 is divided by 174?
168
What is the remainder when 13487 is divided by 142?
139
What is the remainder when 29446 is divided by 3248?
214
What is the remainder when 70651 is divided by 2436?
7
What is the remainder when 3272 is divided by 666?
608
What is the remainder when 39695 is divided by 43?
6
Calculate the remainder when 2922 is divided by 411.
45
Calculate the remainder when 11956 is divided by 322.
42
What is the remainder when 3124 is divided by 776?
20
Calculate the remainder when 2019 is divided by 10.
9
Calculate the remainder when 834 is divided by 153.
69
Calculate the remainder when 46666 is divided by 116.
34
What is the remainder when 113887 is divided by 170?
157
Calculate the remainder when 4054 is divided by 1166.
556
Calculate the remainder when 8860 is divided by 4393.
74
Calculate the remainder when 218855 is divided by 23.
10
Calculate the remainder when 64577 is divided by 94.
93
What is the remainder when 226902 is divided by 75634?
0
What is the remainder when 302282 is divided by 37781?
34
Calculate the remainder when 5163 is divided by 9.
6
Calculate the remainder when 7042 is divided by 568.
226
What is the remainder when 1840 is divided by 564?
148
Calculate the remainder when 334 is divided by 141.
52
What is the remainder when 3796 is divided by 112?
100
Calculate the remainder when 123197 is divided by 12317.
27
What is the remainder when 8757 is divided by 62?
15
Calculate the remainder when 1744 is divided by 744.
256
Calculate the remainder when 237997 is divided by 50.
47
Calculate the remainder when 473 is divided by 32.
25
Calculate the remainder when 4067 is divided by 77.
63
What is the remainder when 97124 is divided by 76?
72
What is the remainder when 763165 is divided by 224?
221
Calculate the remainder when 166317 is divided by 623.
599
Calculate the remainder when 13067 is divided by 99.
98
What is the remainder when 2993 is divided by 253?
210
What is the remainder when 82855 is divided by 278?
11
What is the remainder when 10755 is divided by 3539?
138
Calculate the remainder when 16276 is divided by 15983.
293
Calculate the remainder when 5567 is divided by 18.
5
What is the remainder when 2628 is divided by 412?
156
Calculate the remainder when 13181 is divided by 8.
5
What is the remainder when 272831 is divided by 12?
11
Calculate the remainder when 7682 is divided by 113.
111
Calculate the remainder when 311026 is divided by 5.
1
Calculate the remainder when 18249 is divided by 468.
465
What is the remainder when 47963 is divided by 47929?
34
Calculate the remainder when 1578 is divided by 336.
234
What is the remainder when 110914 is divided by 55454?
6
Calculate the remainder when 4558 is divided by 14.
8
What is the remainder when 3580 is divided by 671?
225
Calculate the remainder when 26073 is divided by 1677.
918
Calculate the remainder when 1996 is divided by 251.
239
Calculate the remainder when 3068 is divided by 881.
425
What is the remai